-72 + 9 + 4 + -5)?
69
Calculate -8 - (-55 + 16 + 13 + 84).
-66
Calculate 193 + 31 + 25 + -126.
123
What is (-1 + 1 - -27) + -160 + 111?
-22
What is the value of 2950 - 2917 - (2 - -137)?
-106
-24 + (-4 + 6 - (9 - 11) - 2)
-22
What is the value of -86 + (10 - -75) - (1 + 1 - -12)?
-15
What is 5 + -2 - -24 - ((5 - 14) + 30 + -21)?
27
Calculate 17 + 111 + (-24 - (6 - -11)).
87
Calculate 2 - (-1 - -8) - (123 - 99).
-29
What is the value of 1 + 0 + 18 + -52 + -18 + 43 + -36?
-44
Evaluate (69 + -73 - (-6 + -19)) + (-5 - -88).
104
Calculate -6 + -8 + 14 - (-4 + -7).
11
(-962 - -969) + 2 + 1 + -1 + 10 + -12
7
Evaluate 9 + -10 + -19 + 58 + -19.
19
Calculate -48 - ((-31 + 58 - 30) + 23).
-68
Evaluate -11 - (-11 + (-5 - 0) + (40 - 43)).
8
Evaluate -3 + 15 + (-777 - -840).
75
-40 + 0 - (46 + -157 - -92)
-21
Calculate 12 + (-2 - 17) + -28 + 41.
6
What is -8 + 3 + 26 - (114 + -84)?
-9
-57 + 33 + 64 - (1 + 55)
-16
Evaluate 64 + -87 - (37 - 64).
4
Evaluate 2145 + -2134 + (33 - 0).
44
What is 42 - (-191 - -109) - 41?
83
Calculate 5 + 22 - 47 - (0 - 36) - -58.
74
Calculate 47 + (-11 - -15) + -3.
48
What is the value of -39 - (19 - (37 + 38))?
17
What is -5 + (-32 - -19) + 16 - -93?
91
Evaluate 392 + -376 - (-4 - -2).
18
(47 - (11 + -40)) + -4 + -1
71
Calculate (-824 - -893) + 1 + 3 + -14.
59
Calculate -14 + 13 + -18 - (-36 + 3).
14
What is 711 + -793 + (-2 - -43)?
-41
What is 2 + 16 + -41 + 40 + -20 + 31?
28
What is 104 - ((47 - 145) + 93)?
109
What is the value of 83 - (59 - (-141 + 72))?
-45
What is -27 - ((-13 - 15) + 33 - 123)?
91
Calculate -2 - 2 - (1 - -7 - (116 + -116)).
-12
What is -21 + (-64 - -17) + 50?
-18
-1 + (47 - 2) + (893 - 978)
-41
Evaluate 11 - (-2 + 2 - -2) - (205 + (-457 - -228)).
33
7 + (-21 - -1 - (633 + -637)) + -87
-96
(1 - 36) + (3167 - 3173)
-41
Evaluate -4 + -44 + 7 - (53 - 51).
-43
What is (-21 - -19 - (15 - 4)) + 9 - 22?
-26
Calculate 17 + 10 + -32 - 5 - (-81 - -3).
68
What is (0 - (-4 + 3 - (-5 + 2))) + (96 - 152)?
-58
(-22 - 1) + (-3 - 54 - -76) + (-73 - 1)
-78
(33 - 16) + -27 + (-17 - 5)
-32
What is 29 + (-51 - -31) + (-2 - -2)?
9
Evaluate 20 - 28 - (-6 - 47).
45
What is the value of 143 + -214 + 81 + (-3 - 18)?
-11
232 - 292 - (-11 - 2)
-47
What is (2 + 4 - 0) + -8 + 1 + -25?
-26
What is (1 + 13 - 0) + 76 + -7 + -65?
18
Evaluate -2 + (-8 - -1) + 155 - (32 + -23 - -2).
135
-13 + (-41 - -13) + 6 - (4 + (11 - 7))
-43
-38 + 17 + -4 + (3 - 5)
-27
What is 2 - -1 - (-41 - -148 - (-7 + 11)) - -12?
-88
Calculate 62 + -48 + (-28 - -10) + 25.
21
What is the value of 12 - (22 - 10) - (-5 + (27 - 14))?
-8
What is the value of -19 - (12 + -3 + -9) - -17?
-2
What is -68 + 14 + -4 + (2 - 0) + (8 - 13)?
-61
Evaluate (17 - 17 - 27) + -6 - (1 + 1).
-35
(15 + -18 - (4 + -2)) + -3 + 50
42
Calculate (41 + 70 - 115) + -1 + (4 - 105).
-106
What is -25 + (-98 - (-86 - -35))?
-72
-6 + 5 + -12 + -33 + -10 + 16 + -1
-41
-6 + 43 + -9 - 2 - (24 - 26)
28
Evaluate 42 + (41 - 74) - (5 - 36).
40
32 - (43 - 45 - -26)
8
What is the value of -78 + -42 + 212 + -17?
75
What is 8 - 18 - (-3 - (2 + (-7 - -3)) - 36)?
27
What is -8 + -1 - (35 - -28 - 68) - 61?
-65
Evaluate (2 - (3 - 9) - (-316 - -340)) + -30.
-46
Evaluate -21 - -13 - (-39 + 0 + 0 - (-215 + 206)).
22
Calculate 9 + -8 + 0 + (14 - -48 - 8).
55
What is 0 - 13 - (278 - 16 - 203)?
-72
Evaluate 40 - (19 + 24 + 13).
-16
Evaluate 261 - 270 - (6 - -8).
-23
What is 3 + 48 - (2 + 4 - (-14 - (-38 - -11)))?
58
What is -3 - ((63 - (-38 - 2)) + -22)?
-84
(29 + 2 + (2 - 3) - 1) + (29463 - 29471)
21
What is the value of (6 - (0 + 4) - -21) + 19 - 23?
19
What is -64 - (-4 + 34 + -83)?
-11
What is -1 - -26 - (119 + -124)?
30
What is (-65 - 2) + (97 + -245 - -136)?
-79
(154 - 35 - 156) + -2
-39
Calculate (-56 - -3) + (0 - 10) + 1 + (2 - 1).
-61
What is 2086 - 2174 - (-4 + 6)?
-90
Evaluate -2 - (4 - (47 - 22)) - 91.
-72
Calculate -869 - -879 - (48 - 1).
-37
What is the value of -38 + (58 - (108 - 41))?
-47
Calculate -1 + 10 + -15 + (-17 - -21) - 40.
-42
Evaluate -44 + 85 + -29 - ((-3 - (-1 - 3)) + -90).
101
(-10 - (-1 + 0)) + (-24 - (-35 + 13 + -9))
-2
Calculate -59 + 15 + (-188 - -220).
-12
What is the value of 49 + -32 + (-1 - (-62 + 0))?
78
What is the value of 64 + -54 - ((-6 - (-7 + 6)) + 8)?
7
What is the value of (31 - (58 - 38)) + -56 + 1?
-44
What is the value of -60 + -8 - -167 - 56?
43
What is the value of 35 + -3 + 1 + -4 + (-6 - -10)?
33
Evaluate -16 + -6 + (51 - 0) + -100.
-71
Evaluate (35 - (-4 + 10)) + -25 + 0 + -14.
-10
0 - ((-8 - 22) + 1 + (-20 - -14) + 7)
28
Evaluate (13 - (10 + 4 + 97 + -3)) + 17.
-78
What is 38 - (-59 + 11 - -25 - 7)?
68
What is the value of 44 + 7 - (-19 + 40 - 12)?
42
What is (51 - 218) + 81 - -7?
-79
Calculate (29 - 71) + 39 - -19.
16
Evaluate (9 + (-25 - -24) + -2 + 7 - 6) + -10.
-3
(-18 - 75) + 115 - 96
-74
Evaluate (7 - 17) + 34 + 0.
24
Calculate (10 - 4) + -13 - -81.
74
Calculate (-31 - -81) + -27 - 28.
-5
What is 3 - ((-6 - 7) + (-4 + -85 - -8) + -12)?
109
19 + -26 - (-10 - (2 - -2 - -79))
86
Calculate 101 + 74 + -177 + -20.
-22
-73 + (-31 + 35 - (10 - 0)) + -13
-92
What is the value of -698 + 710 - ((4 + (4 - 4) - -41) + 0)?
-33
What is the value of 4 + -4 + 5 + 5 - (-4378 + 4524)?
-136
Calculate 33 + -3 - (1 - 1 - (-29 + -25 + 60)).
36
What is 398 + -440 - (58 - -5)?
-105
What is the value of 4 + -81 - (-22 - -33 - 33)?
-55
What is the value of 1 + 10 + (-24 - (-18 - (15 + -13)))?
7
What is 22 + 115 + -31 + -173?
-67
Evaluate 91 - (-75 - (-209 - -97)).
54
Calculate 23 - (-1 + 0 - (-20 + 20) - 9).
33
-2 + -1 + -1 + 4 - ((15 - 177) + 35)
127
Calculate -1 + 2 - 21 - (-205 - -162 - -31).
-8
(51 - 230) + 48 + 89
-42
-12 + (-39 - -38) - (6 - (23 - 1))
3
105 - ((49 - 26) + 52)
30
1 + 39 + (0 - -3) + (2 - 10) + -10
25
Calculate (-1 - (8 + 8 - (-2 + 31))) + 17.
29
Evaluate (-801 - -839) + (-76 - -3) - 90.
-125
What is -58 + -28 + (66 - -6)?
-14
What is 38 - (-39 + (35 - (18 - 28)))?
32
Calculate -2910 + 2895 - (-21 - (-1 + -1)) - 13.
-9
Calculate 42 + -11 + (-5 - (-9 + -5 + 16)).
24
Evaluate -2 + 47 + (1 - -4 - (28 - 18)).
40
What is 38 + 96 + -48 + -85?
1
What is the value of -7 - (-44 - (15 - 46)) - (3 + (-19 - 0))?
22
-56 + (11 - ((-13 - -20) + 12))
-64
What is the value of 1302 - 1326 - (-19 + 0)?
-5
Calculate 19 + -8 - 1 - (-3 - (3 - 2)).
14
What is the value of -9 - (7 + -8) - (-5 - 101 - -7)?
91
Evaluate -34 + (-4 - 29) + -1 + 6.
-62
What is -54 - -40 - (-17 + 1 - -11)?
-9
What is (2 - (17 + 3 + 1)) + -136 + 78 + 49?
-28
What is -2061 + 2056 - (28 + -1)?
-32
What is (10 - 2) + ((38 - 116) + 66 - (-2 + -1))?
-1
What is the value of 0 + -12 - (3 + -49 - 5)?
39
What is the value of (4 + 5 + 6 - 2) + (-3 - 43) + -62?
-95
What is -27 + (16 - 26) - -48 - (-46 + 3)?
54
What is -167 + 311 + -78 + -1?
65
Calculate 9 + (-20 - -15) - (-3 - 28 - -13).
22
Evaluate -38 + 1 + 87 + 9 + -126.
-67
Calculate 7 - (60 + (17 - 8) - 24).
-38
Calculate (14 - (0 + -1)) + (-70 - -69).
14
What is 1 - (-18 - ((-9 - (2 - 17) - -2) + -2))?
25
Calculate -21 - ((37 - 91) + -28).
61
Calculate (15 - 25 - 18) + -32 + -12 + -2.
-74
Evaluate -58 - ((24 - 38) + -38).
-6
Evaluate (-18 - (3 + -1 + 1)) + 56.
35
-12 + 7 + 2 + -12 + 0 + -24 + -21
-60
What is the value of -14 - (1 + (-38 + 42 - (-2 + 0) - 6))?
-15
Calculate 28 + 0 - (-46 - -46).
28
Calculate 13 - (2 + -2) - (84 + -87).
16
85 - (-27 + (-98 - -123))
87
What is the value of 1844 + -1910 - (-32 - 0)?
-34
Calculate 21 - (-26 - -7) - (-5 - -24).
21
Evaluate 123 + 58 + (-19 - 50).
112
23 - 6 - (51 - (107 - 39))
34
Calculate 17 + (-10 - (-2 + -2)) + (-20 - (-16 + 41)).
-34
Evaluate -21 + 16 + (-11 + 1 + 13 - (-1 - 70)).
69
Calculate (-11 - -9) + (-5 - 0) - (-881 + 898).
-24
What is the value of 2 + -9 + (-4 - ((-9 - -16) + -44))?
26
-46 + -2 - (292 + -289 - (1 + 11))
-39
Evaluate (31 - 50) + 35 + -10 + (-3 + 1 - -20).
24
What is the value of -64 + (7 - (18 - 22) - (-8 - (-16 + 8)))?
-53
(-29 + -4 - -13) + 27 + 88
95
What is -15 - (5 + (18 - (-5 - -13)) + 31)?
-61
-75 - (-11 + -103 + 55)
-16
Evaluate -31 - (-44 + -8 + -3).
24
Evaluate -112 - (60 - 66) - -111.
5
Evaluate (-780 - -785) + (9 - -2 - -2).
18
-3138 + 3329 - (0 + 108)
83
What is 9 + (-156 - -152 - (-2 - (-2 + 4)))?
9
What is the value of 58 - (11 - (-16 - 73))?
-42
What is -2277 - -2248 - (-31 - -2)?
